{"id":211,"date":"2014-04-18T09:20:35","date_gmt":"2014-04-18T09:20:35","guid":{"rendered":"http:\/\/192.168.0.12\/wordpress\/?page_id=211"},"modified":"2025-08-18T19:23:50","modified_gmt":"2025-08-18T17:23:50","slug":"horaires","status":"publish","type":"page","link":"https:\/\/www.jkcf.com\/?page_id=211","title":{"rendered":"Horaires"},"content":{"rendered":"<h2><em><strong>Les horaires d&rsquo;entrainement :<\/strong><\/em><\/h2>\n<p><strong>A\u00efkido<\/strong><\/p>\n<ul>\n<li>Lundi de 19h15 \u00e0 21h<\/li>\n<li>Jeudi de 19h30 \u00e0 21h00<\/li>\n<li>Vendredi de 14h30 \u00e0 16h30 (Cours Grad\u00e9s)<\/li>\n<li>Samedi de 11h \u00e0 12h30 (Cours Grad\u00e9s)<\/li>\n<\/ul>\n<p><strong>Babydo (4\/5 ans)<br><\/strong><\/p>\n<ul>\n<li>Mercredi de 11h15 \u00e0 12h00<\/li>\n<\/ul>\n<p><strong>Ia\u00efdo<\/strong><\/p>\n<ul>\n<li>Lundi de 10h30 \u00e0 12h00<\/li>\n<li>Lundi de 18h00 \u00e0 19h00 (Pratique libre)<\/li>\n<li>Mardi de 19h30 \u00e0 20h30<\/li>\n<li>Jeudi de 18h00 \u00e0 19h15<\/li>\n<li>Vendredi de 19h00 \u00e0 20h30 (Pratique libre)<\/li>\n<li>Samedi de 9h30 \u00e0 11h00<\/li>\n<\/ul>\n<p><strong>Judo \/ Ju-Jitsu<\/strong><\/p>\n<ul>\n<li>Mardi\n<ul style=\"list-style-type: disc;\">\n<li>de 10h30 \u00e0 12h00 : Judo adapt\u00e9<\/li>\n<li>de 17h15 \u00e0 18h15 : Judo enfants<\/li>\n<li>de 18h15 \u00e0 19h30 : Judo adolescents<\/li>\n<li>de 19h30 \u00e0 21h00 : Judo adultes \/ adolescents<\/li>\n<\/ul>\n<\/li>\n<li>Mercredi\n<ul style=\"list-style-type: disc;\">\n<li>de 10h00 \u00e0 11h00 : Judo enfants 6\/9 ans<\/li>\n<li>de 14h00 \u00e0 15h30 : Judo Poussins Benjamins<\/li>\n<li>\u00e0 partir de 16h00 : Judo perfectionnement et KATAS et pr\u00e9paration aux grades<\/li>\n<\/ul>\n<\/li>\n<li>Jeudi\n<ul style=\"list-style-type: disc;\">\n<li>de 16h15 \u00e0 17h45 : Judo Coll\u00e8ges<\/li>\n<\/ul>\n<\/li>\n<li>Vendredi\n<ul style=\"list-style-type: disc;\">\n<li>de 17h30 \u00e0 18h45 : Judo<\/li>\n<li>de 19h00 \u00e0 20h00 : Ju-Jitsu<\/li>\n<li>de 20h00 \u00e0 21h30 : Judo adultes<\/li>\n<\/ul>\n<\/li>\n<li>Samedi\n<ul>\n<li>de 9h30 \u00e0 11h00 : Pr\u00e9paration aux grades<\/li>\n<li>de 15h00 \u00e0 18h00 : Pr\u00e9paration sp\u00e9cifique<\/li>\n<\/ul>\n<\/li>\n<\/ul>\n<p><strong>Kendo<br><\/strong><\/p>\n<ul>\n<li>Lundi de 19h30 \u00e0 21h30 : adultes<\/li>\n<li>Mardi de 12h00 \u00e0 13h30<\/li>\n<li>Mercredi\n<ul>\n<li>de 17h30 \u00e0 19h15 : jeunes<\/li>\n<li>de 19h30 \u00e0 21h15 : adultes<\/li>\n<\/ul>\n<\/li>\n<li>Samedi\n<ul>\n<li>de 11h00 \u00e0 12h45 : Cours adultes<\/li>\n<li>de 15h00 \u00e0 18h00 : Pr\u00e9paration sp\u00e9cifique<\/li>\n<\/ul>\n<\/li>\n<\/ul>\n<p><strong>Ta\u00efso<br><\/strong><\/p>\n<ul>\n<li>Lundi de 18h00 \u00e0 19h15<\/li>\n<li>Jeudi de 17h50 \u00e0 19h15<\/li>\n<\/ul>\n<p><a href=\"https:\/\/www.jkcf.com\/wp-content\/uploads\/2025\/08\/planning-cours-2025-2026.pdf\" target=\"_blank\" rel=\"noopener\">Version imprimable<\/a><\/p>\n<p>&nbsp;<\/p>\n\n","protected":false},"excerpt":{"rendered":"<p>Les horaires d&rsquo;entrainement : A\u00efkido Lundi de 19h15 \u00e0 21h Jeudi de 19h30 \u00e0 21h00 Vendredi de 14h30 \u00e0 16h30 (Cours Grad\u00e9s) Samedi de 11h \u00e0 12h30 (Cours Grad\u00e9s) Babydo (4\/5 ans) Mercredi de 11h15 \u00e0 12h00 Ia\u00efdo Lundi de <a class=\"more-link\" href=\"https:\/\/www.jkcf.com\/?page_id=211\">Continuer la lecture <span class=\"screen-reader-text\">  Horaires<\/span><span class=\"meta-nav\">&rarr;<\/span><\/a><\/p>\n","protected":false},"author":1,"featured_media":0,"parent":203,"menu_order":0,"comment_status":"open","ping_status":"closed","template":"","meta":{"ngg_post_thumbnail":0,"iawp_total_views":1643,"footnotes":""},"class_list":["post-211","page","type-page","status-publish","hentry"],"_links":{"self":[{"href":"https:\/\/www.jkcf.com\/index.php?rest_route=\/wp\/v2\/pages\/211","targetHints":{"allow":["GET"]}}],"collection":[{"href":"https:\/\/www.jkcf.com\/index.php?rest_route=\/wp\/v2\/pages"}],"about":[{"href":"https:\/\/www.jkcf.com\/index.php?rest_route=\/wp\/v2\/types\/page"}],"author":[{"embeddable":true,"href":"https:\/\/www.jkcf.com\/index.php?rest_route=\/wp\/v2\/users\/1"}],"replies":[{"embeddable":true,"href":"https:\/\/www.jkcf.com\/index.php?rest_route=%2Fwp%2Fv2%2Fcomments&post=211"}],"version-history":[{"count":26,"href":"https:\/\/www.jkcf.com\/index.php?rest_route=\/wp\/v2\/pages\/211\/revisions"}],"predecessor-version":[{"id":4266,"href":"https:\/\/www.jkcf.com\/index.php?rest_route=\/wp\/v2\/pages\/211\/revisions\/4266"}],"up":[{"embeddable":true,"href":"https:\/\/www.jkcf.com\/index.php?rest_route=\/wp\/v2\/pages\/203"}],"wp:attachment":[{"href":"https:\/\/www.jkcf.com\/index.php?rest_route=%2Fwp%2Fv2%2Fmedia&parent=211"}],"curies":[{"name":"wp","href":"https:\/\/api.w.org\/{rel}","templated":true}]}}